01011001100110001
-6104431 (base 7) to base 13
-1c4899
What is bda (base 14) in base 15?
a68
-213431 (base 5) to base 16
-1cc6
What is 31002301100 (base 4) in base 7?
41030363
Convert 690616 (base 11) to base 15.
16a898
Convert ec8ca (base 15) to base 16.
b7688
What is 19e1ae (base 16) in base 9?
3164637
Convert -a0b49 (base 15) to base 16.
-7c37a
What is -5450465 (base 8) in base 3?
-2202022021200
744a05 (base 11) to base 8
4431014
What is 317205 (base 9) in base 8?
561062
1122112202122 (base 3) to base 4
3112010033
Convert 305341 (base 7) to base 5.
3133222
bbc9dd (base 14) to base 3
102222210211120
What is -122130101 (base 4) in base 13?
-3a3b2
-1034347 (base 9) to base 11
-349523
-1031057 (base 9) to base 3
-1001001001221
Convert -1443013341 (base 5) to base 13.
-a59363
Convert -1991099 (base 10) to base 9.
-3664242
Convert -110032013 (base 5) to base 14.
-c3867
Convert -14274756 (base 9) to base 2.
-11010111111100111000100
-33001203001 (base 4) to base 11
-2250062
-1887951 (base 10) to base 2
-111001100111011001111
Convert -10021202002111 (base 3) to base 9.
-3252074
What is -720161 (base 8) in base 10?
-237681
What is -2046422 (base 9) in base 16?
-10b0d4
What is -775012 (base 8) in base 13?
-91817
Convert 4646408 (base 10) to base 4.
101232120020
Convert 1000212200011 (base 3) to base 12.
22564a
169105 (base 13) to base 5
121000411
What is -10101101011101110 (base 2) in base 16?
-15aee
What is 235e11 (base 15) in base 16?
19cc2a
20100100011210 (base 3) to base 13
91106a
What is -323224030 (base 5) in base 14?
-28002b
-105354313 (base 6) to base 13
-530913
-84864 (base 9) to base 12
-2857a
Convert -106065236 (base 8) to base 16.
-1186a9e
Convert -101000101100001101101101 (base 2) to base 14.
-15b94a9
What is 2ad5 (base 14) in base 4?
1313103
What is -302310120 (base 4) in base 3?
-101120112100
63d101 (base 14) to base 16
338b8d
What is -22b52f (base 16) in base 15?
-2ede57
Convert 12000110111022 (base 3) to base 7.
31443335
What is 33062b (base 13) in base 12?
49a971
-203d1 (base 16) to base 11
-90235
What is 51600073 (base 8) in base 9?
22531114
Convert 36163516 (base 7) to base 10.
3209023
-21333133 (base 5) to base 10
-183543
Convert 186cb55 (base 13) to base 14.
10c240c
What is -23ef8 (base 16) in base 9?
-243816
17910d (base 15) to base 13
310b4c
Convert -88770 (base 10) to base 3.
-11111202210
-31a8aa (base 14) to base 7
-20201003
-10020022211102 (base 3) to base 4
-12203221022
Convert 14ce7 (base 15) to base 11.
46408
What is -3a2a16 (base 13) in base 3?
-2122102002222
23230222103 (base 4) to base 2
1011101100101010010011
1024024 (base 5) to base 8
41755
What is -30d4 (base 16) in base 12?
-7298
What is 110111010001001110111001 (base 2) in base 4?
313101032321
What is -dfde68 (base 16) in base 11?
-8310985
Convert -1172b99 (base 13) to base 5.
-2340420113
What is 240213 (base 10) in base 7?
2020221
What is -438282 (base 10) in base 13?
-124650
Convert 235eb6 (base 16) to base 3.
11100202201002
What is -43125 (base 13) in base 2?
-11101100011001011
Convert -44225022 (base 8) to base 15.
-c7dc2a
1100011022011 (base 3) to base 14
147536
Convert -32121222013 (base 4) to base 5.
-1431300421
Convert 93986 (base 15) to base 11.
29a5a5
What is -1439514 (base 12) in base 15?
-552d8d
2222322 (base 5) to base 15
b8ac
Convert -2856d (base 14) to base 12.
-49959
2a82037 (base 12) to base 2
100000111010110110101011
-2145454 (base 6) to base 9
-173447
What is -3223110 (base 5) in base 14?
-15d6c
What is 12112001020 (base 3) in base 5?
11434104
What is 58a840 (base 13) in base 8?
10025647
What is -331323 (base 5) in base 13?
-52aa
Convert 6550152 (base 7) to base 4.
3003303210
What is -2130013232 (base 4) in base 3?
-1012111012002
Convert -10010011011111100110010 (base 2) to base 7.
-56036411
Convert -4345522 (base 6) to base 16.
-34d5a
-54280 (base 12) to base 13
-3b688
32344121 (base 5) to base 3
112010101122
Convert -c0a52b (base 13) to base 6.
-235553104
Convert -4124111 (base 5) to base 15.
-14e8b
Convert -10514167 (base 8) to base 15.
-2ebba5
-2cdf3 (base 16) to base 8
-546763
What is -65d300 (base 15) in base 6?
-252011513
Convert 611732 (base 8) to base 4.
301033122
What is 100403333 (base 5) in base 16?
62889
What is 2461202 (base 7) in base 6?
10445155
What is 3afab2 (base 16) in base 9?
7241130
What is 19854 (base 10) in base 5?
1113404
-12100112202 (base 3) to base 15
-2134e
What is -d8bb (base 14) in base 11?
-26115
67696 (base 13) to base 8
556752
Convert 89127 (base 10) to base 6.
1524343
What is -6162434 (base 7) in base 2?
-10110100001011011110
Convert 15a5c (base 16) to base 6.
1522300
What is -112222111001102 (base 3) in base 6?
-442350315
Convert 85867a (base 12) to base 2.
1000000010111010111110
What is 16564126 (base 7) in base 3?
10001210000011
Convert 233942 (base 10) to base 2.
111001000111010110
Convert 2212002233 (base 4) to base 9.
1245838
-301143520 (base 6) to base 2
-10011011100111100101000
Convert -3524251 (base 7) to base 2.
-1101100001110011010
225400a (base 11) to base 9
7370738
What is 133240620 (base 7) in base 5?
4202210103
What is 1247463 (base 12) in base 3?
20201211221010
What is -184ab71 (base 12) in base 7?
-61111135
11447181 (base 10) to base 15
1011b56
-20210 (base 4) to base 16
-224
Convert -5174022 (base 9) to base 8.
-12430475
Convert 11011031312 (base 4) to base 13.
378422
Convert 3b9ab4 (base 12) to base 3.
1212101101101
Convert -1423078 (base 10) to base 6.
-50300154
What is 7643734 (base 8) in base 9?
3764071
Convert -b888 (base 13) to base 8.
-62037
7b932 (base 13) to base 6
4500412
10c27 (base 15) to base 14
15638
What is 565443 (base 8) in base 7?
1424426
What is -124212112 (base 5) in base 12?
-258958
Convert -436531 (base 8) to base 3.
-21110100012
What is 215a202 (base 11) in base 12?
13299b0
What is 100011011110001 (base 2) in base 15?
55ab
Convert 4200cb (base 13) to base 7.
16052654
What is 146b619 (base 12) in base 5?
2024004441
31432 (base 9) to base 7
114353
-335641 (base 9) to base 11
-128016
What is 7215052 (base 8) in base 2?
111010001101000101010
Convert 133132 (base 4) to base 12.
11ba
Convert -125da (base 16) to base 10.
-75226
What is 736bb (base 15) in base 6?
11502322
What is -2dc82 (base 14) in base 12?
-5664a
What is 11011011001010110100 (base 2) in base 9?
1617382
What is 11133223332 (base 4) in base 13?
3b5896
What is 43b8aa (base 14) in base 13?
626237
11222122112 (base 3) to base 13
358a9
11141413244 (base 5) to base 15
115e319
-5857536 (base 11) to base 10
-10229379
3326a5 (base 13) to base 10
1205105
Convert ec5c3 (base 15) to base 3.
1102010120110
What is -8509328 (base 11) in base 13?
-314acba
What is -4610230 (base 7) in base 6?
-20145114
-232250326 (base 7) to base 12
-4948797
What is 127727 (base 11) in base 10?
200526
-176013 (base 9) to base 5
-11444422
Convert 2b9ca5 (base 14) to base 3.
2212111110221
-ebd9bc (base 15) to base 9
-23122376
12322013111 (base 4) to base 3
10102000002102
437450 (base 11) to base 3
1022110110020
-1373154 (base 9) to base 2
-10111000110001100000
-1642274 (base 9) to base 16
-df102
-3552134 (base 6) to base 9
-312804
-5e9654 (base 15) to base 7
-53365441
What is 93c7a (base 15) in base 4?
1302121111
-52cc (base 15) to base 9
-26023
-31465413 (base 7) to base 8
-12142331
What is -204207 (base 9) in base 12?
-5a167
-111211002110 (base 3) to base 14
-71195
What is -32223110 (base 4) in base 9?
-101415
What is 13377 (base 14) in base 7?
255010
-74553 (base 14) to base 2
-1000100100101101101
What is -1032b7 (base 14) in base 10?
-546609
Convert 2263306 (base 10) to base 13.
613246
What is 150873 (base 15) in base 3?
1220112111200
Convert 118711 (base 13) to base 5.
101344002
Convert 3324410 (base 5) to base 8.
161371
What is 9a6a00 (base 11) in base 8?
6076711
2367965 (base 10) to base 6
122430445
Convert 236360 (base 8) to base 7.
455356
Convert -10001002121101 (base 3) to base 6.
-54345014
230485 (base 12) to base 13
1681b2
-242402422 (base 5) to base 7
-12446245
What is 1237435 (base 8) in base 2?
1010011111100011101
Convert 10011011100000111100101 (base 2) to base 15.
6a9d74
-1144032 (base 6) to base 5
-3414000
What is -210200120210 (base 3) in base 11?
-271803
Convert 62db9 (base 15) to base 13.
ac980
What is 1012100131 (base 4